{"id":362,"date":"2023-12-14T13:30:00","date_gmt":"2023-12-14T12:30:00","guid":{"rendered":"https:\/\/krzyszczuk.pl\/?page_id=362"},"modified":"2023-12-14T14:54:26","modified_gmt":"2023-12-14T13:54:26","slug":"gwiezdny-wagabunda","status":"publish","type":"page","link":"https:\/\/krzyszczuk.pl\/index.php\/gwiezdny-wagabunda\/","title":{"rendered":"Gwiezdny Wagabunda"},"content":{"rendered":"\n<p>Moja ciekawo\u015b\u0107 \u015bwiata i gotowo\u015b\u0107 do eksperymentowania zaprowadzi\u0142a mnie pewnego dnia do miejsca, gdzie uzna\u0142em, \u017ce b\u0119d\u0119 sobie nagrywa\u0142 d\u017awi\u0119ki i audycje, jednak nie takie <em>byle jakie<\/em>. Tylko wyj\u0105tkowe. Mowa odd\u017awi\u0119ku binauralnym. To wariactwo by\u0142o pok\u0142osiem realizacji projektu Kana\u0142y &#8217;44 &#8211; <a href=\"https:\/\/kanaly44.pl\">www.kanaly44.pl<\/a>, realizowanego w wirtualnej rzeczywisto\u015bci \/ VR, do kt\u00f3rego tworzyli\u015bmy d\u017awi\u0119ki i nagrania. Z uwagi na ograniczenia czasowe i bud\u017cetowe odeszli\u015bmy od koncepcji d\u017awi\u0119ku przestrzennego \/ binauralnego. I to mnie po czasie tak jako\u015b uwiera\u0142o. <\/p>\n\n\n\n<p>Mamy rok 2020. Nie do\u015b\u0107, \u017ce nowy eksperyment, to jeszcze, jak to ja, uzna\u0142em, \u017ce sam sobie zrobi\u0119 mikrofon do nagrywania d\u017awi\u0119ku binauralnego (rejestrator kupi\u0142em w sklepie ;). I jak sobie wymy\u015bli\u0142em, tak zrobi\u0142em. A jak ju\u017c mikrofon zrobi\u0142em, to zacz\u0105\u0142em nagrywa\u0107. Pod pseudonimem Gwiezdny Wagabunda. Dlaczego? Bo to eksperyment by\u0142 jeden wielki i s\u0142a\u0142em w \u015bwiat r\u00f3\u017cne nagrania, cz\u0119\u015b\u0107 z nich to erotyki, na szcz\u0119\u015bcie ciep\u0142o przyj\u0119te \ud83d\ude42<\/p>\n\n\n\n<figure class=\"wp-block-image aligncenter size-large is-resized\"><img loading=\"lazy\" decoding=\"async\" width=\"927\" height=\"1024\" src=\"https:\/\/krzyszczuk.pl\/wp-content\/uploads\/2023\/12\/GwiezdnyWagabundaWWW-927x1024.png\" alt=\"\" class=\"wp-image-389\" style=\"width:308px;height:auto\" srcset=\"https:\/\/krzyszczuk.pl\/wp-content\/uploads\/2023\/12\/GwiezdnyWagabundaWWW-927x1024.png 927w, https:\/\/krzyszczuk.pl\/wp-content\/uploads\/2023\/12\/GwiezdnyWagabundaWWW-272x300.png 272w, https:\/\/krzyszczuk.pl\/wp-content\/uploads\/2023\/12\/GwiezdnyWagabundaWWW-768x848.png 768w, https:\/\/krzyszczuk.pl\/wp-content\/uploads\/2023\/12\/GwiezdnyWagabundaWWW-1391x1536.png 1391w, https:\/\/krzyszczuk.pl\/wp-content\/uploads\/2023\/12\/GwiezdnyWagabundaWWW-1855x2048.png 1855w, https:\/\/krzyszczuk.pl\/wp-content\/uploads\/2023\/12\/GwiezdnyWagabundaWWW.png 1969w\" sizes=\"auto, (max-width: 927px) 100vw, 927px\" \/><\/figure>\n\n\n\n<p>Poni\u017cej link do demo i kilku s\u0142\u00f3w o tym narz\u0119dziu \ud83d\ude42<\/p>\n\n\n\n<figure class=\"wp-block-audio\"><audio controls src=\"https:\/\/krzyszczuk.pl\/wp-content\/uploads\/2023\/08\/DzwiekBinauralny_krystianKrzyszczuk_demo.mp3\"><\/audio><\/figure>\n\n\n\n<p>Teraz mam plan na audio-nowel\u0119. Tak\u0105 kr\u00f3tk\u0105, wirtualn\u0105 opowie\u015b\u0107, kt\u00f3ra pozwoli zabra\u0107 ka\u017cdego s\u0142uchacza do zupe\u0142nie nowej rzeczywisto\u015bci. To co mnie fascynuje w tym medium, to z jednej strony jego prostota, a z drugiej konieczno\u015b\u0107 wykorzystania wyobra\u017ani, bo dzi\u0119ki niej tworzenie ciekawych, wirtualnych przestrzeni d\u017awi\u0119kowych jest wprost nieograniczone! Zreszt\u0105, co ja tu b\u0119d\u0119 pisa\u0142 &#8211; zwyczajnie pos\u0142uchaj \ud83d\ude42 Poni\u017cej wybrane nagrania z mojej biblioteki. Sukcesywnie b\u0119d\u0119 dok\u0142ada\u0142 nast\u0119pne i nowe.  <\/p>\n\n\n\n<p class=\"has-text-align-center has-tertiary-color has-text-color has-link-color wp-elements-89496bf4d6bd524cf69d6d0579dbf599\"><strong>Pami\u0119taj:<\/strong> do poprawnego ods\u0142uchania d\u017awi\u0119ku binauralnego potrzebne s\u0105 s\u0142uchawki!<\/p>\n\n\n\n<figure class=\"wp-block-image size-large\"><img loading=\"lazy\" decoding=\"async\" width=\"1024\" height=\"33\" src=\"https:\/\/krzyszczuk.pl\/wp-content\/uploads\/2023\/12\/line-1-1024x33.png\" alt=\"\" class=\"wp-image-366\" srcset=\"https:\/\/krzyszczuk.pl\/wp-content\/uploads\/2023\/12\/line-1-1024x33.png 1024w, https:\/\/krzyszczuk.pl\/wp-content\/uploads\/2023\/12\/line-1-300x10.png 300w, https:\/\/krzyszczuk.pl\/wp-content\/uploads\/2023\/12\/line-1-768x25.png 768w, https:\/\/krzyszczuk.pl\/wp-content\/uploads\/2023\/12\/line-1.png 1200w\" sizes=\"auto, (max-width: 1024px) 100vw, 1024px\" \/><\/figure>\n\n\n\n<p><strong>Lokomotywa<\/strong>, wiersz Julian Tuwim. To pierwsze d\u0142u\u017csze nagranie, bez obr\u00f3bki d\u017awi\u0119ku, kt\u00f3ry jest praktycznie surowy i z b\u0142\u0119dami \ud83d\ude09 Ale frajd\u0119 przy tym mia\u0142em spor\u0105 \ud83d\ude00 <\/p>\n\n\n\n<figure class=\"wp-block-image size-large\"><img loading=\"lazy\" decoding=\"async\" width=\"1024\" height=\"768\" src=\"https:\/\/krzyszczuk.pl\/wp-content\/uploads\/2023\/12\/Lokomotywa-1-1024x768.jpg\" alt=\"\" class=\"wp-image-364\" srcset=\"https:\/\/krzyszczuk.pl\/wp-content\/uploads\/2023\/12\/Lokomotywa-1-1024x768.jpg 1024w, https:\/\/krzyszczuk.pl\/wp-content\/uploads\/2023\/12\/Lokomotywa-1-300x225.jpg 300w, https:\/\/krzyszczuk.pl\/wp-content\/uploads\/2023\/12\/Lokomotywa-1-768x576.jpg 768w, https:\/\/krzyszczuk.pl\/wp-content\/uploads\/2023\/12\/Lokomotywa-1-1536x1152.jpg 1536w, https:\/\/krzyszczuk.pl\/wp-content\/uploads\/2023\/12\/Lokomotywa-1-2048x1536.jpg 2048w, https:\/\/krzyszczuk.pl\/wp-content\/uploads\/2023\/12\/Lokomotywa-1-600x450.jpg 600w\" sizes=\"auto, (max-width: 1024px) 100vw, 1024px\" \/><\/figure>\n\n\n\n<figure class=\"wp-block-audio\"><audio controls src=\"https:\/\/krzyszczuk.pl\/wp-content\/uploads\/2023\/12\/lokomotywa.mp3\"><\/audio><\/figure>\n\n\n\n<figure class=\"wp-block-image size-large\"><img loading=\"lazy\" decoding=\"async\" width=\"1024\" height=\"33\" src=\"https:\/\/krzyszczuk.pl\/wp-content\/uploads\/2023\/12\/line-2-1024x33.png\" alt=\"\" class=\"wp-image-367\" srcset=\"https:\/\/krzyszczuk.pl\/wp-content\/uploads\/2023\/12\/line-2-1024x33.png 1024w, https:\/\/krzyszczuk.pl\/wp-content\/uploads\/2023\/12\/line-2-300x10.png 300w, https:\/\/krzyszczuk.pl\/wp-content\/uploads\/2023\/12\/line-2-768x25.png 768w, https:\/\/krzyszczuk.pl\/wp-content\/uploads\/2023\/12\/line-2.png 1200w\" sizes=\"auto, (max-width: 1024px) 100vw, 1024px\" \/><\/figure>\n\n\n\n<p><strong>Witaj Warszawo!<\/strong> &#8211; d\u017awi\u0119ki z r\u00f3\u017cnych cz\u0119\u015bci miasta. Pos\u0142uchaj i odgadnij, kt\u00f3ry obrazek odpowiada w\u0142a\u015bciwemu d\u017awi\u0119kowi. Dobrej zabawy!<\/p>\n\n\n\n<figure class=\"wp-block-gallery has-nested-images columns-4 is-cropped wp-block-gallery-1 is-layout-flex wp-block-gallery-is-layout-flex\">\n<figure class=\"wp-block-image size-large\"><img loading=\"lazy\" decoding=\"async\" width=\"1024\" height=\"768\" data-id=\"370\" src=\"https:\/\/krzyszczuk.pl\/wp-content\/uploads\/2023\/12\/1-1024x768.jpg\" alt=\"\" class=\"wp-image-370\" srcset=\"https:\/\/krzyszczuk.pl\/wp-content\/uploads\/2023\/12\/1-1024x768.jpg 1024w, https:\/\/krzyszczuk.pl\/wp-content\/uploads\/2023\/12\/1-300x225.jpg 300w, https:\/\/krzyszczuk.pl\/wp-content\/uploads\/2023\/12\/1-768x576.jpg 768w, https:\/\/krzyszczuk.pl\/wp-content\/uploads\/2023\/12\/1-600x450.jpg 600w, https:\/\/krzyszczuk.pl\/wp-content\/uploads\/2023\/12\/1.jpg 1200w\" sizes=\"auto, (max-width: 1024px) 100vw, 1024px\" \/><\/figure>\n\n\n\n<figure class=\"wp-block-image size-large\"><img loading=\"lazy\" decoding=\"async\" width=\"1024\" height=\"768\" data-id=\"369\" src=\"https:\/\/krzyszczuk.pl\/wp-content\/uploads\/2023\/12\/2-1024x768.jpg\" alt=\"\" class=\"wp-image-369\" srcset=\"https:\/\/krzyszczuk.pl\/wp-content\/uploads\/2023\/12\/2-1024x768.jpg 1024w, https:\/\/krzyszczuk.pl\/wp-content\/uploads\/2023\/12\/2-300x225.jpg 300w, https:\/\/krzyszczuk.pl\/wp-content\/uploads\/2023\/12\/2-768x576.jpg 768w, https:\/\/krzyszczuk.pl\/wp-content\/uploads\/2023\/12\/2-600x450.jpg 600w, https:\/\/krzyszczuk.pl\/wp-content\/uploads\/2023\/12\/2.jpg 1200w\" sizes=\"auto, (max-width: 1024px) 100vw, 1024px\" \/><\/figure>\n\n\n\n<figure class=\"wp-block-image size-medium\"><img loading=\"lazy\" decoding=\"async\" width=\"300\" height=\"225\" data-id=\"372\" src=\"https:\/\/krzyszczuk.pl\/wp-content\/uploads\/2023\/12\/3-300x225.jpg\" alt=\"\" class=\"wp-image-372\" srcset=\"https:\/\/krzyszczuk.pl\/wp-content\/uploads\/2023\/12\/3-300x225.jpg 300w, https:\/\/krzyszczuk.pl\/wp-content\/uploads\/2023\/12\/3-1024x768.jpg 1024w, https:\/\/krzyszczuk.pl\/wp-content\/uploads\/2023\/12\/3-768x576.jpg 768w, https:\/\/krzyszczuk.pl\/wp-content\/uploads\/2023\/12\/3-600x450.jpg 600w, https:\/\/krzyszczuk.pl\/wp-content\/uploads\/2023\/12\/3.jpg 1200w\" sizes=\"auto, (max-width: 300px) 100vw, 300px\" \/><\/figure>\n\n\n\n<figure class=\"wp-block-image size-large\"><img loading=\"lazy\" decoding=\"async\" width=\"1024\" height=\"768\" data-id=\"371\" src=\"https:\/\/krzyszczuk.pl\/wp-content\/uploads\/2023\/12\/4-1024x768.jpg\" alt=\"\" class=\"wp-image-371\" srcset=\"https:\/\/krzyszczuk.pl\/wp-content\/uploads\/2023\/12\/4-1024x768.jpg 1024w, https:\/\/krzyszczuk.pl\/wp-content\/uploads\/2023\/12\/4-300x225.jpg 300w, https:\/\/krzyszczuk.pl\/wp-content\/uploads\/2023\/12\/4-768x576.jpg 768w, https:\/\/krzyszczuk.pl\/wp-content\/uploads\/2023\/12\/4-600x450.jpg 600w, https:\/\/krzyszczuk.pl\/wp-content\/uploads\/2023\/12\/4.jpg 1200w\" sizes=\"auto, (max-width: 1024px) 100vw, 1024px\" \/><\/figure>\n<\/figure>\n\n\n\n<figure class=\"wp-block-audio\"><audio controls src=\"https:\/\/krzyszczuk.pl\/wp-content\/uploads\/2023\/12\/A.mp3\"><\/audio><\/figure>\n\n\n\n<figure class=\"wp-block-audio\"><audio controls src=\"https:\/\/krzyszczuk.pl\/wp-content\/uploads\/2023\/12\/B.mp3\"><\/audio><\/figure>\n\n\n\n<figure class=\"wp-block-audio\"><audio controls src=\"https:\/\/krzyszczuk.pl\/wp-content\/uploads\/2023\/12\/C.mp3\"><\/audio><\/figure>\n\n\n\n<figure class=\"wp-block-audio\"><audio controls src=\"https:\/\/krzyszczuk.pl\/wp-content\/uploads\/2023\/12\/D.mp3\"><\/audio><\/figure>\n\n\n\n<figure class=\"wp-block-image size-large\"><img loading=\"lazy\" decoding=\"async\" width=\"1024\" height=\"33\" src=\"https:\/\/krzyszczuk.pl\/wp-content\/uploads\/2023\/12\/line-3-1024x33.png\" alt=\"\" class=\"wp-image-377\" srcset=\"https:\/\/krzyszczuk.pl\/wp-content\/uploads\/2023\/12\/line-3-1024x33.png 1024w, https:\/\/krzyszczuk.pl\/wp-content\/uploads\/2023\/12\/line-3-300x10.png 300w, https:\/\/krzyszczuk.pl\/wp-content\/uploads\/2023\/12\/line-3-768x25.png 768w, https:\/\/krzyszczuk.pl\/wp-content\/uploads\/2023\/12\/line-3.png 1200w\" sizes=\"auto, (max-width: 1024px) 100vw, 1024px\" \/><\/figure>\n\n\n\n<p><strong>W malinowym chru\u015bniaku<\/strong>, erotyk Boles\u0142aw Le\u015bmian.<\/p>\n\n\n\n<figure class=\"wp-block-image size-large\"><img loading=\"lazy\" decoding=\"async\" width=\"1024\" height=\"768\" src=\"https:\/\/krzyszczuk.pl\/wp-content\/uploads\/2023\/12\/Wmalinowym-1024x768.jpg\" alt=\"\" class=\"wp-image-378\" srcset=\"https:\/\/krzyszczuk.pl\/wp-content\/uploads\/2023\/12\/Wmalinowym-1024x768.jpg 1024w, https:\/\/krzyszczuk.pl\/wp-content\/uploads\/2023\/12\/Wmalinowym-300x225.jpg 300w, https:\/\/krzyszczuk.pl\/wp-content\/uploads\/2023\/12\/Wmalinowym-768x576.jpg 768w, https:\/\/krzyszczuk.pl\/wp-content\/uploads\/2023\/12\/Wmalinowym-600x450.jpg 600w, https:\/\/krzyszczuk.pl\/wp-content\/uploads\/2023\/12\/Wmalinowym.jpg 1200w\" sizes=\"auto, (max-width: 1024px) 100vw, 1024px\" \/><\/figure>\n\n\n\n<figure class=\"wp-block-audio\"><audio controls src=\"https:\/\/krzyszczuk.pl\/wp-content\/uploads\/2023\/12\/WMalinowymChrusniaku.mp3\"><\/audio><\/figure>\n\n\n\n<pre class=\"wp-block-verse\">W malinowym chru\u015bniaku, przed ciekawych wzrokiem\nZapodziani po g\u0142owy, przez d\u0142ugie godziny\nZrywali\u015bmy przyby\u0142e tej nocy maliny.\nPalce mia\u0142a\u015b na o\u015blep skrwawione ich sokiem.\n\nB\u0105k z\u0142o\u015bnik hucza\u0142 basem, jakby straszy\u0142 kwiaty,\nRdzawe guzy na s\u0142o\u0144cu wygrzewa\u0142 li\u015b\u0107 chory,\nZ\u0142achmania\u0142ych paj\u0119czyn skrzy\u0142y si\u0119 wisiory,\nI szed\u0142 ty\u0142em na grzbiecie jaki\u015b \u017cuk kosmaty. \n\nDuszno by\u0142o od malin, kt\u00f3re\u015b, szepcz\u0105c, rwa\u0142a,\nA szept nasz tylko w\u00f3wczas nacicha\u0142 w ich woni,\nGdym wargami wygarnia\u0142 z podanej mi d\u0142oni\nOwoce, przepojone woni\u0105 twego cia\u0142a.\n\nI sta\u0142y si\u0119 maliny narz\u0119dziem pieszczoty\nTej pierwszej, tej zdziwionej, kt\u00f3ra w ca\u0142ym niebie\nNie zna innych upoje\u0144, opr\u00f3cz samej siebie,\nI chce si\u0119 wci\u0105\u017c powtarza\u0107 dla w\u0142asnej dziwoty.\n\nI nie wiem, jak si\u0119 sta\u0142o, w kt\u00f3rym okamgnieniu,\n\u017be\u015b dotkn\u0119\u0142a mi warg\u0105 spoconego czo\u0142a,\nPorwa\u0142em twoje d\u0142onie \u2014 odda\u0142a\u015b w skupieniu,\nA chru\u015bniak malinowy trwa\u0142 wci\u0105\u017c dooko\u0142a.<\/pre>\n\n\n\n<figure class=\"wp-block-image size-large\"><img loading=\"lazy\" decoding=\"async\" width=\"1024\" height=\"33\" src=\"https:\/\/krzyszczuk.pl\/wp-content\/uploads\/2023\/12\/line-3-1024x33.png\" alt=\"\" class=\"wp-image-377\" srcset=\"https:\/\/krzyszczuk.pl\/wp-content\/uploads\/2023\/12\/line-3-1024x33.png 1024w, https:\/\/krzyszczuk.pl\/wp-content\/uploads\/2023\/12\/line-3-300x10.png 300w, https:\/\/krzyszczuk.pl\/wp-content\/uploads\/2023\/12\/line-3-768x25.png 768w, https:\/\/krzyszczuk.pl\/wp-content\/uploads\/2023\/12\/line-3.png 1200w\" sizes=\"auto, (max-width: 1024px) 100vw, 1024px\" \/><\/figure>\n\n\n\n<p><strong>Warszawa i okolice<\/strong> &#8211; kolejny zbi\u00f3r d\u017awi\u0119k\u00f3w. Pos\u0142uchaj i odgadnij, kt\u00f3re zdj\u0119cie oddaje w\u0142a\u015bciwy d\u017awi\u0119k. Dobrej zabawy!<\/p>\n\n\n\n<figure class=\"wp-block-gallery has-nested-images columns-4 is-cropped wp-block-gallery-2 is-layout-flex wp-block-gallery-is-layout-flex\">\n<figure class=\"wp-block-image size-large\"><img loading=\"lazy\" decoding=\"async\" width=\"1024\" height=\"768\" data-id=\"381\" src=\"https:\/\/krzyszczuk.pl\/wp-content\/uploads\/2023\/12\/Zegrze-1024x768.jpg\" alt=\"\" class=\"wp-image-381\" srcset=\"https:\/\/krzyszczuk.pl\/wp-content\/uploads\/2023\/12\/Zegrze-1024x768.jpg 1024w, https:\/\/krzyszczuk.pl\/wp-content\/uploads\/2023\/12\/Zegrze-300x225.jpg 300w, https:\/\/krzyszczuk.pl\/wp-content\/uploads\/2023\/12\/Zegrze-768x576.jpg 768w, https:\/\/krzyszczuk.pl\/wp-content\/uploads\/2023\/12\/Zegrze-600x450.jpg 600w, https:\/\/krzyszczuk.pl\/wp-content\/uploads\/2023\/12\/Zegrze.jpg 1200w\" sizes=\"auto, (max-width: 1024px) 100vw, 1024px\" \/><\/figure>\n\n\n\n<figure class=\"wp-block-image size-large\"><img loading=\"lazy\" decoding=\"async\" width=\"1024\" height=\"768\" data-id=\"382\" src=\"https:\/\/krzyszczuk.pl\/wp-content\/uploads\/2023\/12\/Szczesliwice-1024x768.jpg\" alt=\"\" class=\"wp-image-382\" srcset=\"https:\/\/krzyszczuk.pl\/wp-content\/uploads\/2023\/12\/Szczesliwice-1024x768.jpg 1024w, https:\/\/krzyszczuk.pl\/wp-content\/uploads\/2023\/12\/Szczesliwice-300x225.jpg 300w, https:\/\/krzyszczuk.pl\/wp-content\/uploads\/2023\/12\/Szczesliwice-768x576.jpg 768w, https:\/\/krzyszczuk.pl\/wp-content\/uploads\/2023\/12\/Szczesliwice-600x450.jpg 600w, https:\/\/krzyszczuk.pl\/wp-content\/uploads\/2023\/12\/Szczesliwice.jpg 1200w\" sizes=\"auto, (max-width: 1024px) 100vw, 1024px\" \/><\/figure>\n\n\n\n<figure class=\"wp-block-image size-large\"><img loading=\"lazy\" decoding=\"async\" width=\"1024\" height=\"768\" data-id=\"380\" src=\"https:\/\/krzyszczuk.pl\/wp-content\/uploads\/2023\/12\/buwary-1024x768.jpg\" alt=\"\" class=\"wp-image-380\" srcset=\"https:\/\/krzyszczuk.pl\/wp-content\/uploads\/2023\/12\/buwary-1024x768.jpg 1024w, https:\/\/krzyszczuk.pl\/wp-content\/uploads\/2023\/12\/buwary-300x225.jpg 300w, https:\/\/krzyszczuk.pl\/wp-content\/uploads\/2023\/12\/buwary-768x576.jpg 768w, https:\/\/krzyszczuk.pl\/wp-content\/uploads\/2023\/12\/buwary-600x450.jpg 600w, https:\/\/krzyszczuk.pl\/wp-content\/uploads\/2023\/12\/buwary.jpg 1200w\" sizes=\"auto, (max-width: 1024px) 100vw, 1024px\" \/><\/figure>\n\n\n\n<figure class=\"wp-block-image size-large\"><img loading=\"lazy\" decoding=\"async\" width=\"1024\" height=\"768\" data-id=\"383\" src=\"https:\/\/krzyszczuk.pl\/wp-content\/uploads\/2023\/12\/stezyca-1024x768.jpg\" alt=\"\" class=\"wp-image-383\" srcset=\"https:\/\/krzyszczuk.pl\/wp-content\/uploads\/2023\/12\/stezyca-1024x768.jpg 1024w, https:\/\/krzyszczuk.pl\/wp-content\/uploads\/2023\/12\/stezyca-300x225.jpg 300w, https:\/\/krzyszczuk.pl\/wp-content\/uploads\/2023\/12\/stezyca-768x576.jpg 768w, https:\/\/krzyszczuk.pl\/wp-content\/uploads\/2023\/12\/stezyca-600x450.jpg 600w, https:\/\/krzyszczuk.pl\/wp-content\/uploads\/2023\/12\/stezyca.jpg 1200w\" sizes=\"auto, (max-width: 1024px) 100vw, 1024px\" \/><\/figure>\n<\/figure>\n\n\n\n<figure class=\"wp-block-audio\"><audio controls src=\"https:\/\/krzyszczuk.pl\/wp-content\/uploads\/2023\/12\/Bulwary.mp3\"><\/audio><\/figure>\n\n\n\n<figure class=\"wp-block-audio\"><audio controls src=\"https:\/\/krzyszczuk.pl\/wp-content\/uploads\/2023\/12\/Szczesliwice.mp3\"><\/audio><\/figure>\n\n\n\n<figure class=\"wp-block-audio\"><audio controls src=\"https:\/\/krzyszczuk.pl\/wp-content\/uploads\/2023\/12\/WyspaWIsla_20210413.mp3\"><\/audio><\/figure>\n\n\n\n<figure class=\"wp-block-audio\"><audio controls src=\"https:\/\/krzyszczuk.pl\/wp-content\/uploads\/2023\/12\/ZalewZegrzynski_20210327_GwiezdnyWagabunda.pl_.mp3\"><\/audio><\/figure>\n","protected":false},"excerpt":{"rendered":"<p>Moja ciekawo\u015b\u0107 \u015bwiata i gotowo\u015b\u0107 do eksperymentowania zaprowadzi\u0142a mnie pewnego dnia do miejsca, gdzie uzna\u0142em, \u017ce b\u0119d\u0119 sobie nagrywa\u0142 d\u017awi\u0119ki i audycje, jednak nie takie byle jakie. Tylko wyj\u0105tkowe. Mowa odd\u017awi\u0119ku binauralnym. To wariactwo by\u0142o pok\u0142osiem realizacji projektu Kana\u0142y &#8217;44 &#8211; www.kanaly44.pl, realizowanego w wirtualnej rzeczywisto\u015bci \/ VR, do kt\u00f3rego tworzyli\u015bmy d\u017awi\u0119ki i nagrania. Z&#8230;<\/p>\n","protected":false},"author":1,"featured_media":391,"parent":0,"menu_order":0,"comment_status":"closed","ping_status":"closed","template":"","meta":{"footnotes":""},"class_list":["post-362","page","type-page","status-publish","has-post-thumbnail","hentry"],"_links":{"self":[{"href":"https:\/\/krzyszczuk.pl\/index.php\/wp-json\/wp\/v2\/pages\/362","targetHints":{"allow":["GET"]}}],"collection":[{"href":"https:\/\/krzyszczuk.pl\/index.php\/wp-json\/wp\/v2\/pages"}],"about":[{"href":"https:\/\/krzyszczuk.pl\/index.php\/wp-json\/wp\/v2\/types\/page"}],"author":[{"embeddable":true,"href":"https:\/\/krzyszczuk.pl\/index.php\/wp-json\/wp\/v2\/users\/1"}],"replies":[{"embeddable":true,"href":"https:\/\/krzyszczuk.pl\/index.php\/wp-json\/wp\/v2\/comments?post=362"}],"version-history":[{"count":2,"href":"https:\/\/krzyszczuk.pl\/index.php\/wp-json\/wp\/v2\/pages\/362\/revisions"}],"predecessor-version":[{"id":398,"href":"https:\/\/krzyszczuk.pl\/index.php\/wp-json\/wp\/v2\/pages\/362\/revisions\/398"}],"wp:featuredmedia":[{"embeddable":true,"href":"https:\/\/krzyszczuk.pl\/index.php\/wp-json\/wp\/v2\/media\/391"}],"wp:attachment":[{"href":"https:\/\/krzyszczuk.pl\/index.php\/wp-json\/wp\/v2\/media?parent=362"}],"curies":[{"name":"wp","href":"https:\/\/api.w.org\/{rel}","templated":true}]}}